 = 25*w**2 - 3*w - 1. Give k(-1).
27
Let t(d) = 2*d + 4. Calculate t(-5).
-6
Let z(j) = -j**3 + 39*j**2 + 80*j + 84. What is z(41)?
2
Let f(o) = o + 15. What is f(-10)?
5
Let o(d) = 13*d - 96. Give o(8).
8
Let k(q) = 5*q + 22. Determine k(-5).
-3
Let p(n) = -n**3 - 8*n**2 + 9*n - 9. What is p(-5)?
-129
Let r(x) = -x**3 + 11*x**2 - 9*x - 5. Give r(10).
5
Let d(o) = o**2 + 8*o + 6. What is d(-9)?
15
Let a(k) = k**3 - 5*k**2 - 5*k - 2. What is a(6)?
4
Let n(u) = -u**2 + 6*u + 13. Determine n(6).
13
Let p(m) = m**3 + 37*m**2 + 70*m + 12. Give p(-35).
12
Let n(o) = -o**3 + 16*o**2 - 20*o - 1. Give n(14).
111
Let a(y) = -4*y - 7. What is a(-6)?
17
Let f(l) = 2*l**3 - 36*l**2 + 2*l - 31. Calculate f(18).
5
Let f(g) = 113*g - 782. What is f(7)?
9
Let l(r) = -9*r**3 + 2*r**2 - 3*r + 1. What is l(1)?
-9
Let i(x) = 3*x + 118. Determine i(-38).
4
Let x(n) = -35*n**2 + n - 1. Determine x(1).
-35
Let x(k) = -k**2 + 12*k + 12. Determine x(15).
-33
Let y(r) = -r**3 - r**2 - r + 2. What is y(1)?
-1
Let d(q) = -q**3 + 16*q**2 - 14*q - 11. Determine d(15).
4
Let c(g) = 6*g - 31. Calculate c(5).
-1
Let n(j) = -j**3 + j + 16. What is n(0)?
16
Let v(t) = -t**3 + t**2 + 2*t. Give v(0).
0
Let o(v) = -13*v**2 + v + 1. Determine o(-1).
-13
Let b(c) = 2*c - 11. Determine b(0).
-11
Let a(r) = -3*r + 2. Calculate a(5).
-13
Let v(u) = u**3 + 3*u**2 - 4*u - 3. Give v(-3).
9
Let j(a) = -a**3 - 22*a**2 + 30*a + 155. Determine j(-23).
-6
Let d(l) = l**3 - 6*l**2 - 5*l - 5. Determine d(4).
-57
Let t(b) = b**2 + 8*b + 7. Calculate t(-4).
-9
Let g(r) = r**3 + 5*r - 7. Calculate g(3).
35
Let r(y) = y**2 - 18*y + 18. Determine r(16).
-14
Let k(n) = -n**2 - 2*n + 40. Give k(-8).
-8
Let m(l) = -67*l + 7. Determine m(1).
-60
Let r(p) = 4*p - 24. Determine r(6).
0
Let q(h) = -h + 18. Determine q(12).
6
Let p(c) = -6*c + 92. Calculate p(17).
-10
Let x(d) = 23*d - 237. Calculate x(10).
-7
Let c(x) = 8*x - 97. Calculate c(12).
-1
Let q(l) = l**2 - 12*l - 19. Determine q(14).
9
Let r(c) = c**2 - 27*c - 123. Determine r(-4).
1
Let a(w) = -6*w**2 + 16*w - 3. Give a(3).
-9
Let o(n) = 5*n**3 + 4*n**2 + 4*n + 3. Calculate o(-2).
-29
Let j(g) = g**2 + 15*g - 13. Determine j(-13).
-39
Let m(y) = -y**2 + 10*y - 13. Determine m(6).
11
Let y(f) = -10*f - 3. What is y(-2)?
17
Let c(z) = -z**3 - 4*z**2 + 9*z + 12. Give c(-5).
-8
Let d(o) = -o**3 + 6*o - 11. What is d(4)?
-51
Let g(b) = -27*b + 16. Give g(3).
-65
Let v(c) = -c**2 - 2*c + 7. Calculate v(-7).
-28
Let n(o) = -o**2 + 9*o - 5. Give n(7).
9
Let r(c) = -18*c - 42. Determine r(-2).
-6
Let m(x) = -x**2 + 33*x - 88. Give m(34).
-122
Let p(o) = -25*o - 5. Calculate p(-2).
45
Let u(p) = p**2 + p + 8. Determine u(-3).
14
Let h(n) = -n - 4. Calculate h(-11).
7
Let j(k) = -k**3 - 5*k**2 + k + 1. Calculate j(-5).
-4
Let i(h) = -h**3 - 9*h + 12. What is i(-4)?
112
Let t(s) = -s**2 + 37. Calculate t(0).
37
Let u(f) = -f**2 + 37*f - 79. What is u(2)?
-9
Let b(t) = t**2 - 6*t - 5. Determine b(6).
-5
Let t(k) = 20*k - 149. Give t(8).
11
Let j(i) = 5*i**3 + 2*i**2 - i. Give j(1).
6
Let w(d) = d**3 - 8*d**2 + 10*d + 4. Give w(6).
-8
Let i(y) = -2*y**3 + y**2 + y. Determine i(-1).
2
Let o(a) = 5*a - 76. What is o(9)?
-31
Let u(w) = -5*w**3 + 2*w**2 - 24*w - 25. Calculate u(-1).
6
Let b(s) = -63*s + 871. Calculate b(14).
-11
Let k(t) = 12*t**3 + t**2 + t. Calculate k(-1).
-12
Let h(z) = 5*z + 33. Calculate h(-16).
-47
Let s(t) = -13*t + 41. Give s(0).
41
Let v(k) = k**3 - 13*k**2 - 9*k + 51. What is v(13)?
-66
Let d(w) = 2*w**2 + 25*w + 16. Give d(-12).
4
Let v(s) = -s**2 - 6*s + 32. Give v(4).
-8
Let s(b) = -b**2 + 11*b - 3. What is s(8)?
21
Let u(h) = h**3 + 10*h**2 + 7*h - 12. Calculate u(-9).
6
Let x(w) = -w**3 - 27*w**2 - 27*w - 16. Determine x(-26).
10
Let y(s) = 24*s - 3. Give y(2).
45
Let o(n) = -n**3 - 4*n**2 + 10*n + 9. Calculate o(-6).
21
Let g(i) = -8*i + 218. Determine g(28).
-6
Let u(z) = -3*z + 56. Calculate u(10).
26
Let s(a) = -a + 12. What is s(17)?
-5
Let h(n) = n**2 + 7*n + 9. What is h(-5)?
-1
Let i(k) = -42*k - 38. Give i(-1).
4
Let w(s) = -17*s + 34. What is w(10)?
-136
Let k(m) = -m**2 - 6*m + 22. Determine k(-9).
-5
Let q(y) = -16*y - 1. Calculate q(-1).
15
Let r(p) = p**2 - 4*p + 6. Determine r(3).
3
Let s(p) = p**3 - 12*p**2 + 2*p - 9. Calculate s(12).
15
Let z(b) = -24*b - 1. Calculate z(1).
-25
Let c(p) = 4*p**2 + 18*p - 7. Determine c(-5).
3
Let j(w) = w**3 - 9*w**2 + 3*w - 16. Give j(9).
11
Let v(o) = 3*o**2 - 83*o - 34. Calculate v(28).
-6
Let p(v) = -16*v + 685. What is p(43)?
-3
Let c(f) = 8*f - 1. Give c(-1).
-9
Let b(u) = u + 9. What is b(-12)?
-3
Let i(f) = -18*f + 19. Give i(2).
-17
Let n(w) = -w**3 + 43*w**2 - 82*w - 15. Determine n(41).
-15
Let w(n) = n**3 + 2*n**2 - 10*n - 17. What is w(-4)?
-9
Let m(t) = -5*t**3 + 3*t**2 + t + 1. Determine m(-2).
51
Let k(g) = -g + 19. Calculate k(0).
19
Let p(k) = k**3 - 4*k**2 + 3*k + 6. Determine p(5).
46
Let s(t) = 6*t**3 + t**2 + 3*t + 5. Calculate s(-2).
-45
Let p(v) = 2*v**2 - 13*v - 42. Determine p(10).
28
Let f(o) = -o + 1. Give f(3).
-2
Let z(u) = -u**3 + 2*u**2 + 6*u + 2. Determine z(4).
-6
Let v(f) = -14*f - 1. Determine v(2).
-29
Let m(b) = b**2 + 6*b - 13. What is m(-10)?
27
Let y(x) = 57*x + 857. Determine y(-15).
2
Let z(x) = 10*x - 7. Calculate z(2).
13
Let h(j) = -j**3 + 21*j**2 + 9. Give h(21).
9
Let g(u) = 4*u**2 - 27*u - 1. Give g(6).
-19
Let n(r) = -r**3 - 5*r**2 - 2*r - 6. What is n(-4)?
-14
Let k(r) = -r**3 + 25*r**2 + r - 16. Calculate k(25).
9
Let a(g) = g**2 + 5*g - 50. Give a(-14).
76
Let h(g) = g**2 - 61*g + 545. Give h(11).
-5
Let w(k) = 3*k + 47. What is w(-15)?
2
Let w(v) = 4*v**3 - 2*v**2 - 3*v - 2. Give w(-1).
-5
Let m(p) = p**2 + 12*p + 34. Calculate m(-4).
2
Let r(g) = 3*g + 13. Give r(-6).
-5
Let b(w) = -17*w + 67. Calculate b(5).
-18
Let k(n) = -n**3 + 2*n**2 - n - 1. Give k(-2).
17
Let h(n) = 9*n - 15. Determine h(5).
30
Let g(d) = d**3 - 17*d**2 - 17*d + 1. Determine g(18).
19
Let d(r) = -r**2 + 22*r - 83. What is d(12)?
37
Let l(v) = -8*v - 72. What is l(-10)?
8
Let n(a) = -2*a - 24. Give n(5).
-34
Let t(m) = -10*m - 34. Calculate t(-5).
16
Let a(p) = 4*p + 1. Calculate a(2).
9
Let f(n) = n**3 + 5*n**2 + 4*n + 6. Calculate f(-6).
-54
Let u(b) = 128*b - 389. Give u(3).
-5
Let z(l) = l**2 - 26*l + 73. Give z(23).
4
Let d(c) = c**2 - 79*c - 158. What is d(-2)?
4
Let k(u) = u**3 + 7*u**2 + u - 3. Determine k(-3).
30
Let x(m) = -m**3 + 3*m**2 - m + 21. Give x(5).
-34
Let q(m) = -m**3 - 11*m**2 - 8*m - 28. What is q(-10)?
-48
Let l(g) = -g**3 + 48*g**2 - 51*g + 201. What is l(47)?
13
Let i(t) = 10*t + 86. What is i(-9)?
-4
Let n(a) = a**2 + 16*a - 2. What is n(-16)?
-2
Let m(q) = q + 27. Calculate m(-19).
8
Let d(x) = -39*x**3 + 2*x - 1. Calculate d(1).
-38
Let n(k) = -6*k - 16. Calculate n(3).
-34
Let f(j) = j**3 + 2*j - 11. Determine f(0).
-11
Let t(j) = -5*j**2 + 40*j + 141. Give t(-3).
-24
Let c(i) = -3*i**2 + 26*i + 14. Calculate c(10).
-26
Let d(w) = w**3 - 3*w**2 + 3*w. Give d(1).
1
Let w(n) = -n**2 + 1. Determine w(1).
0
Let i(r) = 59*r - 653. What is i(11)?
-4
Let s(c) = 5*c + 2. What is s(-3)?
-13
Let s(g) = -38*g + 61. Determine s(2).
-15
Let h(d) = -d**3 + 5*d**2 + 10*d + 5. Determine h(7).
-23
Let h(b) = b + 20. What is h(-18)?
2
Let k(r) = -r**3 + 7*r**2 - 25*r + 8. What is k(3)?
-31
Let b(s) = -s - 3. Give b(11).
-14
Let t(l) = 4*l - 108. What is t(26)?
-4
Let j(h) = -2*h**2 + 4*h - 2. Calculate j(0).
-2
Let t(u) = u**3 - 5*u**2 + 32. Determine t(5).
32
Let o(r) = -30*r - 301. Determine o(-10).
-1
Let w(g) = -g**2 + 5*g + 12. Calculate w(8).
-12
Let p(i) = i**3 + 5*i**2 + 8*i + 10. Determine p(-4).
-6
Let c(l) = -21*l - 1. What is c(3)?
-64
Let c(q) = -44*q - 112. Calculate c(-3).
20
Let d(i) = -7*i**3 - 3*i**2 - 33*i - 33. What is d(-1)?
4
Let u(v) = v**3 + 3*v**2 - 2*v + 5. Determine u(0).
5
Let t(i) = -i**3 + 9*i**2 + 7*i - 14. Calculate t(10).
-44
Let z(v) = 9*v + 147. Calculate z(-19).
-24
Let l(y) = 2*y + 16. What is l(9)?
34
Let l(h) = -14*h - 344. Calculate l(-24).
-8
Let k(g) = -g**2 + 13*g - 9. What is k(9)?
27
Let q(j) = 2*j + 7. Give q(-4).
-1
Let l(w) = 4*w**3 - 2*w**2 + 3*w + 4. Determine l(-1).
-5
Let b(j) = -j**2 + 7*j + 12. What is b(10)?
-18
Let a(h) = -h + 1. Determine a(9).
-8
Let s(w) = 15*w + 14. Determine s(-